of 9118?
False
Does 79 divide 3081?
True
Is 133 a factor of 42959?
True
Does 10 divide 540?
True
Is 243 a factor of 78489?
True
Does 19 divide 1862?
True
Is 46 a factor of 36938?
True
Does 15 divide 67635?
True
Is 133 a factor of 14108?
False
Is 5 a factor of 420?
True
Is 6919 a multiple of 11?
True
Is 3 a factor of 326?
False
Is 261 a multiple of 10?
False
Does 33 divide 759?
True
Does 11 divide 1031?
False
Is 448 a multiple of 28?
True
Is 149 a factor of 33934?
False
Is 93 a multiple of 31?
True
Does 48 divide 32434?
False
Is 57 a factor of 16920?
False
Does 98 divide 6272?
True
Is 682 a multiple of 31?
True
Is 34 a factor of 58650?
True
Is 88 a factor of 6897?
False
Is 53 a factor of 2585?
False
Is 19 a factor of 1273?
True
Is 14 a factor of 1062?
False
Is 18 a factor of 84078?
True
Does 4 divide 490?
False
Is 11 a factor of 869?
True
Is 2817 a multiple of 17?
False
Does 43 divide 39346?
False
Is 41 a factor of 574?
True
Is 7 a factor of 2296?
True
Is 156 a multiple of 39?
True
Is 1026 a multiple of 38?
True
Does 74 divide 45685?
False
Is 25 a factor of 1625?
True
Is 3 a factor of 63?
True
Is 1239 a multiple of 12?
False
Is 688 a multiple of 86?
True
Is 161 a factor of 18354?
True
Is 21 a factor of 1302?
True
Is 23 a factor of 1633?
True
Is 10 a factor of 890?
True
Is 26 a factor of 22620?
True
Is 659 a multiple of 8?
False
Does 27 divide 10959?
False
Is 8052 a multiple of 159?
False
Is 11 a factor of 26092?
True
Is 25 a factor of 17350?
True
Is 161 a factor of 8809?
False
Is 17 a factor of 12231?
False
Does 41 divide 22509?
True
Is 15 a factor of 19148?
False
Is 84777 a multiple of 10?
False
Is 3513 a multiple of 29?
False
Is 54 a factor of 4088?
False
Is 17114 a multiple of 18?
False
Does 52 divide 52?
True
Is 1634 a multiple of 25?
False
Is 9 a factor of 5906?
False
Is 106 a factor of 9328?
True
Is 8488 a multiple of 4?
True
Is 319 a multiple of 8?
False
Is 15360 a multiple of 67?
False
Is 18 even?
True
Is 32 a factor of 921?
False
Is 3023 a multiple of 17?
False
Is 80 a factor of 9375?
False
Does 139 divide 2322?
False
Does 31 divide 6913?
True
Does 14 divide 175734?
False
Is 19 a factor of 4047?
True
Is 13728 a multiple of 88?
True
Is 10 a factor of 3010?
True
Does 10 divide 11791?
False
Is 67 a factor of 3575?
False
Is 13 a factor of 70226?
True
Is 10875 a multiple of 16?
False
Does 13 divide 45570?
False
Is 105 a multiple of 3?
True
Is 13 a factor of 1391?
True
Is 87 a factor of 12876?
True
Does 15 divide 744?
False
Is 937 a multiple of 5?
False
Is 6 a factor of 2379?
False
Is 11 a factor of 1049?
False
Is 15 a factor of 126?
False
Does 15 divide 222?
False
Is 20 a factor of 601?
False
Does 12 divide 266?
False
Is 5365 a multiple of 29?
True
Is 10268 a multiple of 17?
True
Is 15106 a multiple of 14?
True
Does 2 divide 170?
True
Is 2024 a multiple of 31?
False
Does 68 divide 1554?
False
Is 9 a factor of 5217?
False
Is 13 a factor of 23153?
True
Is 128 a factor of 1408?
True
Is 10 a factor of 927?
False
Is 224 a multiple of 32?
True
Is 29 a factor of 4611?
True
Is 739 a multiple of 12?
False
Does 25 divide 1625?
True
Is 7085 a multiple of 60?
False
Is 23 a factor of 4255?
True
Is 18 a factor of 1057?
False
Is 25 a factor of 5550?
True
Does 7 divide 852?
False
Does 131 divide 183?
False
Does 57 divide 107419?
False
Is 73 a multiple of 3?
False
Is 27 a factor of 1593?
True
Is 11 a factor of 9263?
False
Is 5 a factor of 128?
False
Does 22 divide 78122?
True
Does 13 divide 22026?
False
Is 65 a factor of 1509?
False
Does 4 divide 280?
True
Does 235 divide 5300?
False
Is 19075 a multiple of 109?
True
Is 29 a factor of 1576?
False
Is 5423 a multiple of 24?
False
Does 45 divide 3015?
True
Is 47 a factor of 5764?
False
Is 91 a factor of 1563?
False
Is 9936 a multiple of 30?
False
Is 16946 a multiple of 3?
False
Does 12 divide 8508?
True
Is 651 a multiple of 7?
True
Is 170 a multiple of 34?
True
Is 298 a multiple of 102?
False
Does 18 divide 53?
False
Is 4954 a multiple of 41?
False
Is 24628 a multiple of 26?
False
Does 24 divide 2716?
False
Is 12644 a multiple of 29?
True
Is 11085 a multiple of 5?
True
Is 207 a multiple of 9?
True
Does 32 divide 10899?
False
Is 111 a factor of 3441?
True
Is 16 a factor of 2592?
True
Does 45 divide 29475?
True
Is 77 a factor of 1062?
False
Does 21 divide 16884?
True
Does 14 divide 2842?
True
Is 111 a factor of 71254?
False
Is 14 a factor of 68880?
True
Is 84 a multiple of 12?
True
Does 76 divide 1697?
False
Is 26 a multiple of 7?
False
Is 257 a factor of 14917?
False
Is 1721 a multiple of 15?
False
Is 7 a factor of 420?
True
Is 91 a factor of 9115?
False
Is 50 a factor of 3778?
False
Does 87 divide 609?
True
Is 22 a factor of 2460?
False
Does 269 divide 60434?
False
Is 3550 a multiple of 25?
True
Is 60369 a multiple of 373?
False
Does 13 divide 420?
False
Does 15 divide 2235?
True
Is 3126 a multiple of 19?
False
Does 38 divide 114?
True
Does 3 divide 344?
False
Is 1979 a multiple of 46?
False
Is 1092 a multiple of 39?
True
Is 19 a multiple of 19?
True
Is 96 a factor of 17821?
False
Is 10 a factor of 3780?
True
Does 32 divide 224?
True
Is 6144 a multiple of 24?
True
Is 5 a factor of 1117?
False
Is 476 a multiple of 32?
False
Is 10 a factor of 334?
False
Is 84 a multiple of 10?
False
Is 3 a factor of 1320?
True
Does 31 divide 61488?
False
Is 21 a factor of 4149?
False
Does 68 divide 408?
True
Does 2 divide 8139?
False
Is 10659 a multiple of 19?
True
Is 13 a factor of 67?
False
Is 82 a factor of 1558?
True
Is 5373 a multiple of 9?
True
Does 42 divide 3990?
True
Does 111 divide 3216?
False
Is 116 a multiple of 3?
False
Is 342 a factor of 64638?
True
Does 12 divide 1050?
False
Is 45 a factor of 360?
True
Is 33 a factor of 3861?
True
Is 22606 a multiple of 89?
True
Is 11942 a multiple of 14?
True
Does 176 divide 34228?
False
Is 12136 a multiple of 4?
True
Does 14 divide 2114?
True
Does 34 divide 3094?
True
Does 97 divide 2136?
False
Is 14 a factor of 2204?
False
Does 5 divide 65?
True
Does 6 divide 10686?
True
Is 820 a multiple of 41?
True
Is 12288 a multiple of 13?
False
Does 154 divide 22946?
True
Is 6765 a multiple of 24?
False
Does 4 divide 3322?
False
Does 10 divide 191?
False
Is 1450 a multiple of 54?
False
Is 30370 a multiple of 10?
True
Is 1289 a multiple of 65?
False
Does 65 divide 1244?
False
Is 342 a multiple of 9?
True
Does 28 divide 716?
False
Is 32 a factor of 5564?
False
Does 103 divide 927?
True
Is 37843 a multiple of 13?
True
Does 44 divide 968?
True
Does 60 divide 8338?
False
Is 43 a factor of 3547?
False
Does 92 divide 2077?
False
Is 4354 a multiple of 14?
True
Is 1529 a multiple of 35?
False
Is 11458 a multiple of 20?
False
Does 13 divide 1403?
False
Is 117 a factor of 1722?
False
Is 11 a factor of 2429?
False
Is 2944 a multiple of 23?
True
Is 210 a multiple of 42?
True
Is 2 a factor of 17?
False
Does 145 divide 13340?
True
Is 1503 a multiple of 8?
False
Is 13 a factor of 19058?
True
Does 65 divide 37310?
True
Does 332 divide 19588?
True
Does 20 divide 140?
True
Is 10724 a multiple of 4?
True
Does 17 divide 986?
True
Does 66 divide 594?
True
Does 9 divide 169?
False
Is 36 a factor of 5328?
True
Does 43 divide 43?
True
Is 30 a factor of 8575?
False
Is 12 a factor of 915?
False
Is 15 a factor of 105?
True
Is 814 a multiple of 37?
True
Is 3874 a multiple of 26?
True
Is 81 a factor of 566?
False
Is 48130 a multiple of 237?
False
Is 9555 a multiple of 13?
True
Does 57 divide 2850?
True
Is 5 a factor of 2318?
False
Is 7 a factor of 1673?
True
Is 44 a factor of 46464?
True
Is 8568 a multiple of 34?
True
Does 243 divide 62456?
False
Does 311 divide 33112?
False
Does 11 divide 11747?
False
Is 9 a factor of 3735?
True
Does 8 divide 26985?
False
Does 25 divide 2225?
True
Is 26082 a multiple of 46?
True
Is 7 a factor of 1908?
False
Is 11872 a multiple of 2?
True
Does 18 divide 2751?
False
Is 29 a factor of 203?
True
Is 11 a factor of 133452?
True
Does 15 divide 180?
True
Is 468 a multiple of 6?
True
Is 418 a multiple of 9?
False
Is 1597 a multiple of 2?
False
Does 32 divide 768?
True
Does 19 divide 570?
True
Is 107688 a multiple of 42?
True
Does 21 divide 336?
True
Is 865 a multiple of 5?
True
Is 47 a factor of 6815?
True
Does 28 divide 3067?
False
Does 31 divide 7180?
False
Is 849 a multiple of 30?
False